What is the greatest common divisor of 2250 and c?
45
Suppose -2*z + 2784 + 1202 = n, -19908 = -5*n + z. What is the highest common factor of n and 66?
22
Let d = -177 + 126. Let z be (-39 - -38)/(1/d). Calculate the highest common factor of z and 561.
51
Let t be 1306/(-10) + (-7)/(70/4). Let x = t + 541. What is the highest common divisor of x and 10?
10
Suppose 2*u - 373 = 171. Suppose -6*i = -10*i + u. Let j = -1 - -18. What is the highest common factor of j and i?
17
Let r(o) = -139*o**3 + 3*o**2 + 2*o - 2. Let b be r(-1). Let x be (-3)/(-12) + (-1455)/12. Let g = b + x. Calculate the greatest common factor of 187 and g.
17
Let n be 28/(-8)*(-2 - 20). Let k(a) = a**3 + 30*a**2 - 32*a - 20. Let c = -327 - -296. Let r be k(c). What is the highest common factor of r and n?
11
Let j be 15*(-5)/(-25)*-2 + -34. Let h be 405/(-18)*1/(6/j). Calculate the highest common divisor of 75 and h.
75
Suppose -7*o + 21 = 14. Suppose 3*d = 2*u - 6*u + 25, 0 = u - d - 8. What is the greatest common divisor of u and o?
1
Let p(x) = -11*x + 1. Let f be p(-8). Suppose -s = -3*n - 26, 5*s - 17 = 3*n + f. What is the greatest common factor of 170 and s?
10
Suppose -15 = -4*i + 1. Suppose -h + 7 = 3*v, -11 = v + i*h - h. Suppose v*a - 77 - 403 = 0. Calculate the highest common divisor of a and 15.
15
Let a(k) = 4*k**2 - 38*k + 15. Let t be a(11). Suppose 74*f = t*f - 756. What is the highest common divisor of f and 72?
36
Suppose 0 = -3*n + v + 1192, 4*n - 1774 = 3*v - 193. Let x(t) = 373*t + 16433. Let b be x(-44). What is the greatest common factor of b and n?
21
Let t(b) = b**2 + b - 1. Let c(p) = -p**2 + 12*p + 39. Let o(r) = -c(r) - 2*t(r). Let v be o(-6). Calculate the highest common divisor of v and 154.
11
Suppose -4*k = 6*w - 1520, -16*w + 725 = -13*w - 5*k. Calculate the highest common factor of w and 60.
10
Suppose 0 = 35*k - 2 - 188 - 90. Calculate the greatest common divisor of k and 6584.
8
Suppose -4*a - 1292 = -5*t, 23 = -t + 7*a + 269. Calculate the highest common divisor of t and 416.
52
Let w be (-888)/(-48) - 45/(-18). Let f be (0 + -18)*(2 + -3). Let z = w - f. Calculate the highest common factor of 24 and z.
3
Let l(g) = 9*g**2 + 49*g + 300. Let m be l(-6). Calculate the highest common divisor of 15 and m.
15
Let l(p) = -p + 6. Let m be l(6). Suppose -16*q + 4*q + 264 = m. Let f be (22/4)/(2/8). Calculate the greatest common factor of f and q.
22
Let n(r) = 2*r**2 - 2*r - 6. Let s be n(-21). What is the highest common divisor of 238 and s?
34
Let d be 64 + -19 + 13/(13/6). Calculate the highest common factor of 3281 and d.
17
Let q = 4367 - 4358. Suppose -9 = -r - 3*l, -4*l - 1 = -9. Suppose -r*o + 25 + 29 = 0. What is the greatest common factor of q and o?
9
Let x(b) = -8*b - 328. Let v be x(-45). Let c(o) = 2*o + 54. Let d be c(17). What is the highest common factor of d and v?
8
Suppose 0 = -x - 13 + 20. Let g be 44/(-6)*(-399)/x. Let d(n) = 38*n**2 + 20*n - 20. Let p be d(1). What is the greatest common factor of p and g?
38
Suppose 171 - 161 = 10*o. Let x(r) = 2*r + 3. Let d be x(-3). Let m be o*d*13/(-3)*1. What is the highest common divisor of 52 and m?
13
Suppose -l + 5*l = 368. Let w be (-5*10 + 0)/(-1). Let q be w/(4/2) + (-6 - -4). What is the greatest common divisor of q and l?
23
Let m = -7943 - -7965. What is the greatest common factor of 143 and m?
11
Suppose 88*q - 35840 = -67*q + 15*q. What is the highest common factor of q and 832?
64
Let z = 4 - 1. Let s be ((19 - 10) + -7)*1. Suppose 0 = -u - f + 16, s*f + z = f. What is the highest common factor of u and 38?
19
Suppose 15 = -5*v + 145. Suppose 0 = -5*x - v*x + 310. What is the greatest common factor of 50 and x?
10
Let g(d) = d**2 - 56*d - 2346. Let o be g(84). What is the highest common factor of 13194 and o?
6
Let x(m) = 2*m + 13. Suppose -78 = -5*a - z, -4*z + 4 = 3*a - 36. Let w be x(a). What is the greatest common factor of w and 117?
9
Let u be 70/(-4)*(8316/45)/(-11). Let b = u + -278. What is the greatest common divisor of b and 184?
8
Let h(z) = 311*z - 289. Let l be h(2). What is the greatest common divisor of l and 63?
9
Let o be 240/35 + -3 + 4/28. Suppose 20 + 17 = 2*r - 5*u, o*u + 34 = 2*r. Let c be (-46)/(-4) + 3/(-6). Calculate the greatest common divisor of r and c.
11
Let c = 3139 - 3122. Suppose 2*o + 5*k - 2*k = 289, 5*o - 5*k - 660 = 0. Let x be o + (-3)/(6/2). What is the highest common factor of x and c?
17
Suppose 150*s = 148*s + 516. What is the highest common factor of 5547 and s?
129
Suppose 0 = -5*s + 798 + 582. Suppose -3*v = -2*h - s, -6*v + 3*v + 264 = 2*h. What is the greatest common divisor of v and 36?
18
Let i be 36 - (-1 + -5)/(-2). Let w be (-11)/((-121)/22) + 1*i. Calculate the highest common factor of w and 10.
5
Suppose -4*g = -m - 11029, 3*g - m - 9401 = -1128. Calculate the greatest common divisor of 39 and g.
13
Let g be (-5 + 1)*(-2001)/116. Suppose -k - 4*t + 2*t + 767 = 0, 2*k - 1506 = 3*t. Calculate the highest common divisor of g and k.
69
Suppose -1205 = -5*n + 5*z, 9*n - 7*n + 2*z = 462. Let t = n - -48. Calculate the greatest common factor of t and 71.
71
Let q be ((-35)/(-5) + 4)*6. Let b(p) = p**3 + 6*p**2 + 5*p + 1. Let i be b(-4). Suppose i*d = 9*d + 88. Calculate the greatest common factor of d and q.
22
Suppose 0 = 6*a - 849 + 363. Suppose a = 2*m + 71. What is the highest common factor of m and 10?
5
Suppose 5*n + 5*x + 671 = -314, -5*n - 3*x = 995. Let s = 232 + n. What is the greatest common divisor of s and 20?
10
Let r(k) = 6*k**2 + 17*k + 10. Let f be r(-5). Suppose 4*m - f = -15. Calculate the highest common factor of m and 15.
15
Suppose 5*s = -5*x + 133 + 192, -s - 133 = -2*x. Calculate the highest common divisor of x and 54.
6
Let j = 24 + 4. Suppose -4*o + 4*p + 267 = -293, 4*p = -o + 165. Let x = -103 + o. Calculate the highest common divisor of x and j.
14
Suppose 130*n - 106*n - 2280 = 0. Let x = 49 + 8. What is the highest common factor of n and x?
19
Let q = -175 + 102. Let h be -1 - (q + (-6 - -6)). Calculate the highest common factor of h and 96.
24
Let s = -50 - -134. Suppose -5*k = k - s. Let x = 47 + 107. Calculate the highest common factor of x and k.
14
Suppose -4*s = 2*p - 3*p + 24, 3*s + 33 = -3*p. Let c be 6/(-63)*s*(-30)/(-4). Suppose 8*d - c*d - 87 = 0. Calculate the highest common divisor of 145 and d.
29
Suppose -5*b = -4*s - 194, -5*s - 3 - 103 = -3*b. Let g be (-105)/(4 + (-2 - 3)). What is the greatest common divisor of g and b?
21
Let z be 41545/175 + (-4)/10. Suppose -24*g + 25*g = z. Calculate the greatest common divisor of 395 and g.
79
Suppose 191*l - 163790 - 153115 - 213120 = 0. Calculate the greatest common factor of l and 300.
75
Suppose -2*k + 2*d = 5*d - 168, 0 = 3*d - 12. What is the highest common divisor of 1222 and k?
26
Let m = 13 - 8. Let l be 1/2*0/1. Suppose -5*i - 2*v + 33 = l, 2 = 5*v - 18. Calculate the greatest common divisor of i and m.
5
Suppose 0 = 39*i - 42*i - w + 574, 2*i - 3*w = 368. Calculate the greatest common divisor of 266 and i.
38
Let n(d) be the third derivative of 7*d**5/60 - d**4/6 - d**3/6 + 12*d**2 - 2*d. Let b = -1 + 0. Let q be n(b). What is the greatest common divisor of 80 and q?
10
Let c(o) = 20*o**2 - 13*o - 11. Let p be c(-1). Let l = -39 - -55. What is the highest common factor of l and p?
2
Let w(r) = -r**3 + 22*r**2 + 16*r + 30. Let l be w(22). Let v = l + -354. What is the highest common factor of v and 35?
7
Let t(k) be the second derivative of k**4/12 + k**3/6 - 16*k**2 + 38*k + 1. Let y be t(-8). What is the greatest common factor of y and 228?
12
Suppose 50 = 27*z - 17*z. Suppose -z*b = 17*b - 2574. Calculate the highest common factor of b and 13.
13
Let m(n) = n**3 - 6*n + 5. Let v be m(5). Let c be (19 - 3807/189)/(4/(-140)). Calculate the greatest common factor of c and v.
20
Suppose 15*l = 19*l - 124. Suppose -l = -5*b + 5*d + 94, 5*b = -4*d + 152. What is the highest common factor of 1708 and b?
28
Let i(s) = -5*s - 7. Suppose 0 = -0*v + 2*v + 12. Let r be i(v). Let k(o) = 2*o**2 - 23*o - 73. Let a be k(18). Calculate the highest common divisor of a and r.
23
Suppose -5*r = -3*f + 77, f = r + r + 26. Suppose -18*m + f*m - 1500 = 0. What is the highest common factor of m and 20?
10
Suppose 8*a - 3210 = -3010. Calculat